0?
-100202001
In base 5, what is -124 - -1022?
343
In base 5, what is 1011422 + -14?
1011403
In base 6, what is -300302 - 3?
-300305
In base 14, what is -15 - 148d?
-14a4
In base 9, what is 537 - -1455?
2103
In base 4, what is -3122000 + 310?
-3121030
In base 4, what is 113022 - -202?
113230
In base 5, what is -120 - 341?
-1011
In base 13, what is -8 + -5a?
-65
In base 14, what is 2d + 441?
470
In base 2, what is -1011101101110 - 10001010000?
-1101110111110
In base 13, what is 89 - -1487?
1543
In base 14, what is 167 - 1?
166
In base 11, what is 3958 + 50?
39a8
In base 9, what is 13321 + 563?
13884
In base 3, what is -100221102002112 - 1?
-100221102002120
In base 3, what is 121222 - 2211?
112011
In base 7, what is 401 - 4344?
-3643
In base 9, what is 66 + -5854?
-5777
In base 11, what is -5 + 394a3?
39499
In base 15, what is 1 + -8cad1?
-8cad0
In base 11, what is -2 + -10aa0?
-10aa2
In base 12, what is 106aa + 29?
10717
In base 5, what is -31003001 - -3?
-31002443
In base 15, what is -1a58 + -8?
-1a61
In base 8, what is -1744 - -14?
-1730
In base 14, what is 2a99d - 3?
2a99a
In base 6, what is 3 + 1151111?
1151114
In base 9, what is 2626 - -3008?
5635
In base 8, what is 13172 - 40?
13132
In base 3, what is -112102020 - -112?
-112101201
In base 3, what is 11200 + 1212?
20112
In base 16, what is 4 + -8c89b?
-8c897
In base 14, what is 15967 + 1?
15968
In base 9, what is -253 - -2655?
2402
In base 7, what is 300 + 165?
465
In base 7, what is 56063 + -501?
55262
In base 15, what is -5 - -1406?
1401
In base 12, what is -74 + 57a?
506
In base 11, what is -413221 - -3?
-413219
In base 6, what is 4522110 - 3?
4522103
In base 10, what is -7 - -10281?
10274
In base 3, what is -22201 + 1221012?
1121111
In base 12, what is 26839 - 2?
26837
In base 15, what is 40 - -480d?
484d
In base 2, what is -101 + 110100100?
110011111
In base 3, what is 1211 - 1212221?
-1211010
In base 8, what is -15651742 + -1?
-15651743
In base 6, what is -5 + 24010135?
24010130
In base 13, what is 26 - 254?
-22b
In base 2, what is 110010100010 - -11000?
110010111010
In base 16, what is 1 + -1b3d4?
-1b3d3
In base 7, what is 14602 + -5?
14564
In base 15, what is -2 - -678c?
678a
In base 7, what is -50513 - -553?
-46630
In base 3, what is -22100121 + -22?
-22100220
In base 14, what is 12ca87 + 5?
12ca8c
In base 4, what is -21 + -2013213?
-2013300
In base 15, what is -5 + 20b5?
20b0
In base 4, what is -200 + -3031?
-3231
In base 3, what is 11 + 1100111220101?
1100111220112
In base 15, what is 5 - -136e97?
136e9c
In base 3, what is 10 - -10210101221?
10210102001
In base 4, what is 3 - 11313211?
-11313202
In base 5, what is 312 + 3122102?
3122414
In base 13, what is 3c86b + -b?
3c860
In base 2, what is -11010011010001 - 1111000?
-11010101001001
In base 4, what is 2 + 10322103?
10322111
In base 3, what is 0 - 21111000?
-21111000
In base 16, what is f3 - 2e7?
-1f4
In base 6, what is 21 - -224412?
224433
In base 14, what is 6 + -18330?
-18328
In base 3, what is 101011100 - -11022?
101022122
In base 10, what is -452144 + 1?
-452143
In base 14, what is 9036d - -3?
90372
In base 8, what is 1676 - -11?
1707
In base 2, what is 100011010001000 + 11?
100011010001011
In base 3, what is 2 + -101222010001?
-101222002222
In base 11, what is 1 - 345657?
-345656
In base 2, what is 1111001 + -10010000111?
-10000001110
In base 10, what is -4165 + 3?
-4162
In base 4, what is -1100 - -12021333?
12020233
In base 11, what is -21577 + -a?
-21586
In base 14, what is -4 - b11d1?
-b11d5
In base 14, what is 8 - -33a4?
33ac
In base 14, what is 3 - a315b?
-a3158
In base 7, what is -2452 - 23?
-2505
In base 2, what is 11 + -1101101000001110100?
-1101101000001110001
In base 7, what is 213 + 144?
360
In base 13, what is 1368 + 651?
19b9
In base 9, what is 63 - 225?
-152
In base 6, what is 1143 - 140454?
-135311
In base 14, what is 2c23 - -11?
2c34
In base 12, what is 187 + 259a?
2765
In base 11, what is 3316 + -191?
3135
In base 14, what is 8d + -d6d?
-cc0
In base 16, what is -44b2 - -7?
-44ab
In base 13, what is 23 - -1437?
145a
In base 12, what is 4 - -26389?
26391
In base 11, what is 80 + -144?
-74
In base 5, what is 114300414 - 1?
114300413
In base 6, what is -2010 - 41?
-2051
In base 13, what is -1 + 86a9?
86a8
In base 11, what is -463 - 104?
-567
In base 14, what is 51501c + -1?
51501b
In base 15, what is -9145 - -27?
-911d
In base 5, what is -1013312 + 11?
-1013301
In base 8, what is 7471 - -65?
7556
In base 10, what is 42 + -11182?
-11140
In base 12, what is -76 - -11b1a?
11a64
In base 13, what is -5 + -22a20?
-22a25
In base 4, what is 3101130 + 3?
3101133
In base 12, what is 4 + 94444?
94448
In base 6, what is -3245010 - 25?
-3245035
In base 14, what is -d5 + 1cd?
d8
In base 6, what is -314 - -1431?
1113
In base 16, what is 5 - 6395?
-6390
In base 7, what is -5 + -2660225?
-2660233
In base 11, what is -82055 - 3?
-82058
In base 4, what is -211303 + 10233?
-201010
In base 3, what is 1111000111 + -12?
1111000022
In base 7, what is 2 + 42115?
42120
In base 13, what is -21697 + 7?
-21690
In base 6, what is -11313533 + -5?
-11313542
In base 9, what is -5 - 24832?
-24837
In base 12, what is -2 + -5350?
-5352
In base 8, what is -5 + -2222675?
-2222702
In base 8, what is -23 - 67124?
-67147
In base 11, what is 6 + -2279?
-2273
In base 8, what is 5 + -55656?
-55651
In base 9, what is 717 - -270?
1087
In base 12, what is -4a4 - -6?
-49a
In base 4, what is -102 - 20002131?
-20002233
In base 2, what is -10011011110 - -1100101?
-10001111001
In base 16, what is 8280 + -3?
827d
In base 3, what is 1102 - 10120212012?
-10120210210
In base 8, what is 763 - 220?
543
In base 15, what is 3c419 + 2?
3c41b
In base 8, what is -4100472 + 3?
-4100467
In base 4, what is -22222 - 22?
-22310
In base 13, what is -12b + 3?
-128
In base 16, what is 200e8 - -a?
200f2
In base 6, what is -1432 - -120?
-1312
In base 5, what is -442042 - 123?
-442220
In base 5, what is 2421 - -2042?
10013
In base 16, what is 4 - -d85?
d89
In base 11, what is -5a0 - 6?
-5a6
In base 10, what is -13 - 3876?
-3889
In base 2, what is -10010111000000111110 + 101?
-10010111000000111001
In base 5, what is -2444143 - 13?
-2444211
In base 12, what is 83 - -27aa?
2871
In base 10, what is 11897 - 35?
11862
In base 15, what is -d49 + 6d?
-ccb
In base 6, what is 14 + 140145?
140203
In base 3, what is 1211 - -2021120021?
2021122002
In base 10, what is -19228 + 0?
-19228
In base 6, what is -22 - 105003?
-105025
In base 6, what is 1 + 25522?
25523
In base 9, what is 53001 - 7?
52883
In base 7, what is -1 - -125236?
125235
In base 10, what is -1371 + 360?
-1011
In base 10, what is -1974 + -3?
-1977
In base 12, what is -26 - -127?
101
In base 10, what is 24 - -529?
553
In base 13, what is 78b5 + 5?
78ba
In base 11, what is 3 - 5148?
-5145
In base 8, what is 737 + 250?
1207
In base 16, what is 8 - -4?
c
In base 14, what is 601 + -4a?
595
In base 11, what is 38a54 + 2?
38a56
In base 13, what is -350030 - 0?
-350030
In base 2, what is -101101 - -100001001101?
100000100000
In base 16, what is 5 - -fd002?
fd007
In base 12, what is -5 + -8767?
-8770
In base 3, what is -12 - 2202100212?
-2202101001
In base 5, what is -24021433 - -1?
-24021432
In base 16, what is -1331 + 8?
-1329
In base 15, what is 7 - -147be?
147c6
In base 15, what is 0 - -b31?
b31
In base 3, what is 2100200122021 - -2?
2100200122100
In base 13, what is -104580 - 5?
-104585
In base 7, what is 1664523 + -5?
1664515
In base 4, what is 32030 - -30?
32120
In base 8, what is 2703 - 71?
2612
In base 7, what is -462 + 30?
-432
In base 16, what is 4 - -1e4c7?
1e4cb
In base 5, what is -4410234 - 4?
-4410243
In base 16, what is 7 + 3efd?
3f04
In base 7, what is 22004 - -22?
22026
In base 2, what is 1000110 + -1011011100?
-1010010110
In base 12, what is -7746b8 - 5?
-774701
In base 5, what is -10 - -300231?
300221
In base 14, what is 187 - -a3?
24a
In base 6, what is 3 - -2125?
2132
In base 15, what is -2cee8 - -5?
-2cee3
In base 14, what is -4 - -6039?
6035
In base 11, what is 13476 - 48?
13429
In base 13, what is -722a1 - 2?
-722a3
In base 6, what is 313304 - 4?
313300
In base 10, what is 423 - -1680?
2103
In base 8, what is -274153 - -10?
-274143
In base 4, what is -10023231001 + -1?
-10023231002
In base 11, what is 357 + -2